 is -15525013 + 524?
-15524045
In base 12, what is 127693 - 252?
127441
In base 2, what is 101 - 1011001101110001100010100?
-1011001101110001100001111
In base 2, what is 110010001110 + -101011100?
101100110010
In base 15, what is 11 + -2dedc0?
-2dedae
In base 4, what is -33 + -21333203112?
-21333203211
In base 2, what is 1001 - -100111111100011101001?
100111111100011110010
In base 14, what is -751157 + 3?
-751154
In base 11, what is -4 + -792845?
-792849
In base 10, what is -226610 - -68?
-226542
In base 9, what is -4 - 111001221?
-111001225
In base 13, what is 40ac82 - 18?
40ac67
In base 4, what is 23300 - -1122033331?
1122123231
In base 16, what is 3fc - -9a40?
9e3c
In base 5, what is 4133111104331 - 3?
4133111104323
In base 11, what is 2056202 + -5?
20561a8
In base 16, what is 9c3d69f + -5?
9c3d69a
In base 2, what is -101101 - 100110100110011?
-100110101100000
In base 11, what is -a96 - -5a6a4?
59709
In base 15, what is -3433 + 1347a?
10047
In base 15, what is d7c - -de3?
1c70
In base 8, what is -246263657 - -1?
-246263656
In base 9, what is 1150037163 + 4?
1150037167
In base 3, what is -221102002 + 211210?
-220120022
In base 3, what is -102220222112101 + 2?
-102220222112022
In base 4, what is 2002011032 - 22332?
2001322100
In base 2, what is 1101101100110011100 + 1100000?
1101101100111111100
In base 5, what is -24042 + 2203102?
2124010
In base 16, what is -4c - 1b6a8?
-1b6f4
In base 8, what is 5 + 157211776?
157212003
In base 13, what is -11 - 3168943?
-3168954
In base 14, what is -164 + 19a326?
19a1a2
In base 14, what is 4648c1 + 1cc?
464aad
In base 12, what is -207b - -575?
-1706
In base 16, what is -4 + 7d5ac1?
7d5abd
In base 13, what is -a3 + -88796?
-88869
In base 8, what is 2 + -126666022?
-126666020
In base 9, what is 21551301 + 17?
21551318
In base 14, what is 3c6dd - -115?
3c814
In base 13, what is -2b - 4446646?
-4446674
In base 13, what is -1720894 - -25?
-172086c
In base 7, what is 232626 - 22?
232604
In base 15, what is d2 - 293937?
-293855
In base 3, what is -10200000020120022 - 12?
-10200000020120111
In base 9, what is 3655078 + 666?
3655755
In base 12, what is 8780 + -1408?
7374
In base 10, what is 8032 - -2328?
10360
In base 16, what is 1265 + 49e?
1703
In base 7, what is -3 - 432550521?
-432550524
In base 11, what is -72a2 + 2225?
-5078
In base 8, what is 21622736 + 177?
21623135
In base 11, what is 50142 + -a?
50133
In base 6, what is -4 + 104415244?
104415240
In base 12, what is 132 - 1275b2?
-127480
In base 16, what is 736bc + 7?
736c3
In base 7, what is 522 - -1012420?
1013242
In base 13, what is -1691bc - -3c?
-169180
In base 7, what is 16141 - -316632?
336103
In base 15, what is -2 + -7a6e3a?
-7a6e3c
In base 2, what is -10101010101010101001000 - 100100?
-10101010101010101101100
In base 14, what is 5 - 55829b?
-558296
In base 16, what is 2a0c89 - -8?
2a0c91
In base 8, what is 2112563 + -672?
2111671
In base 5, what is -1014 + -24401430?
-24402444
In base 13, what is -18a - -10bc5a?
10baa0
In base 11, what is 13958 + 40079?
53a26
In base 3, what is 222001 - -2212000?
10211001
In base 15, what is -68ee1 - -1088?
-67e58
In base 12, what is 5aa9b + 1a?
5aab9
In base 4, what is -102123 + -1331013?
-2033202
In base 9, what is -5247 + -4761?
-11118
In base 12, what is 474b0 - ab?
47401
In base 15, what is 17a540b7 + 4?
17a540bb
In base 16, what is 103 + 3f90?
4093
In base 4, what is 22 - 203122103?
-203122021
In base 16, what is f7 - b00e?
-af17
In base 7, what is -343333261 - -33?
-343333225
In base 13, what is -6 - -a5b09?
a5b03
In base 2, what is -101101011111011101 + -10010000010?
-101101110001011111
In base 16, what is a8e2 + -ef?
a7f3
In base 7, what is -345366441 - -5?
-345366433
In base 10, what is -5 + 5447874?
5447869
In base 9, what is 107 - 1654652?
-1654544
In base 5, what is 422301302 + -2?
422301300
In base 12, what is 52a + -70baa?
-70680
In base 6, what is 425510504 + -4?
425510500
In base 3, what is -100 + -101111112211021?
-101111112211121
In base 14, what is 11b67 - -3b1?
12138
In base 6, what is 21225105 + 431?
21225540
In base 11, what is 12659a63 - -3?
12659a66
In base 8, what is -25665 - -24224?
-1441
In base 13, what is 1 - -1c697b44?
1c697b45
In base 9, what is -270 - -152577?
152307
In base 7, what is 14516456 + -20?
14516436
In base 4, what is 133020 + -3333?
123021
In base 3, what is -120 - 2020021210211?
-2020021211101
In base 12, what is 123 + -41022a?
-410107
In base 15, what is 15720 + 14b?
1586b
In base 3, what is -2 + 1001222220121?
1001222220112
In base 9, what is 1053 - 164361?
-163307
In base 14, what is -32c - 3b1c?
-404a
In base 3, what is 10201121212 - -12202222?
10221101211
In base 15, what is -6 - -4ad0e0?
4ad0d9
In base 11, what is 6 + 4a7011?
4a7017
In base 4, what is 22102 - -11130120?
11212222
In base 11, what is 28 + -4589722?
-45896a5
In base 12, what is -5a34258 + 5?
-5a34253
In base 2, what is -1101101100111 + 1000011101?
-1100101001010
In base 4, what is -133 - 1100230302213?
-1100230303012
In base 2, what is -11100101010 + 100011000101101?
11111100000011
In base 13, what is -2cc7638 + -1b?
-2cc7656
In base 8, what is -20 + 637063?
637043
In base 8, what is -22 + 2547230?
2547206
In base 10, what is -4568 + 81?
-4487
In base 4, what is -11 + 22011332231201?
22011332231130
In base 16, what is 4a - 183e2?
-18398
In base 14, what is 9c2 + 1a26?
2608
In base 7, what is 6 - -6316300?
6316306
In base 9, what is -17 + 576220?
576202
In base 7, what is 34 - 1643522?
-1643455
In base 3, what is -1 - 222220012012202?
-222220012012210
In base 2, what is 10101 - 101101101110001110000?
-101101101110001011011
In base 5, what is -4244021131 + 1?
-4244021130
In base 5, what is -14224213332 - 4?
-14224213341
In base 14, what is -155c0 + -7?
-155c7
In base 12, what is 106 + 2bb4?
30ba
In base 15, what is -6 + -1897c?
-18983
In base 5, what is 13232111 + -3022?
13224034
In base 7, what is 10 - -5006264?
5006304
In base 4, what is 3031 + 32010203?
32013300
In base 13, what is -5a76b + 33?
-5a738
In base 7, what is 6531633 + 155?
6532121
In base 5, what is 2334 - 122113300?
-122110411
In base 3, what is 101 - -2202010011100?
2202010011201
In base 12, what is 1 + 41037a?
41037b
In base 4, what is -233023102001 + 31?
-233023101310
In base 13, what is -1 - 16cb3015?
-16cb3016
In base 12, what is -22 - 1441b51?
-1441b73
In base 4, what is 12331030112001 + -11?
12331030111330
In base 16, what is 99f3 + 112?
9b05
In base 12, what is 2a + -8842bb3?
-8842b85
In base 16, what is -4c2ec - 7?
-4c2f3
In base 15, what is 0 - 100917?
-100917
In base 12, what is 1b57724 + -10?
1b57714
In base 3, what is 10220221021202001 + 1?
10220221021202002
In base 5, what is -10210 - -24044003?
24033243
In base 9, what is 2582 - 2125?
456
In base 12, what is 61765 + -27a?
614a7
In base 3, what is -20212001 - 2220220211?
-10011202212
In base 12, what is -b2229 - 1596?
-b3803
In base 10, what is -166633 - 95?
-166728
In base 4, what is -2132332133 - 22?
-2132332221
In base 10, what is -21536678 + 0?
-21536678
In base 16, what is 3cd12 - -96?
3cda8
In base 11, what is 6688a36 - 4?
6688a32
In base 3, what is 20000110 + 12022211?
102100021
In base 4, what is -22110 + 3331331310?
3331303200
In base 4, what is 32213 - 32211?
2
In base 14, what is 2d3894c + -4?
2d38948
In base 9, what is 73810520 + -1?
73810518
In base 3, what is -10 + -22111102202022?
-22111102202102
In base 7, what is 201 + -6424616?
-6424415
In base 11, what is 446 - -7581?
7a17
In base 15, what is -5455d6a + 0?
-5455d6a
In base 11, what is -41a - 1057196?
-1057605
In base 2, what is -110001000110110000 - 1101?
-110001000110111101
In base 9, what is -1 - 25165252?
-25165253
In base 3, what is 220011221112 - -12110?
220012010222
In base 5, what is -1321044111 - 101?
-1321044212
In base 16, what is -6ca + -beba?
-c584
In base 9, what is 231 - 2603311?
-2603070
In base 9, what is -105 + 2683884?
2683778
In base 7, what is -16 - 13043620?
-13043636
In base 5, what is -222223134 + -3?
-222223142
In base 9, what is -6186 + -56?
-6253
In base 16, what is 84182d5 + 1?
84182d6
In base 11, what is 630 - 76a1?
-7071
In base 4, what is -2230112230 - 2?
-2230112232
In base 7, what is -15343543 + -6?
-15343552
In base 9, what is -21 - 54413760?
-54413781
In base 14, w